ors of 246376?
2, 13, 23, 103
List the prime factors of 4033279.
827, 4877
List the prime factors of 572678.
2, 281, 1019
What are the prime factors of 4907?
7, 701
List the prime factors of 676764.
2, 3, 11, 1709
What are the prime factors of 6633?
3, 11, 67
What are the prime factors of 313299?
3, 7, 4973
List the prime factors of 5775205.
5, 29, 39829
What are the prime factors of 4096421?
7, 443, 1321
List the prime factors of 12955696.
2, 13, 199, 313
List the prime factors of 335602.
2, 167801
What are the prime factors of 9201382?
2, 37, 124343
What are the prime factors of 620526?
2, 3, 103421
What are the prime factors of 5372680?
2, 5, 17, 7901
What are the prime factors of 14247291?
3, 4749097
List the prime factors of 2678965.
5, 535793
List the prime factors of 7803896.
2, 127, 7681
What are the prime factors of 224835?
3, 5, 13, 1153
List the prime factors of 450699.
3, 19, 7907
List the prime factors of 301002.
2, 3, 13, 17, 227
List the prime factors of 335931.
3, 111977
What are the prime factors of 9972889?
193, 51673
List the prime factors of 25427.
47, 541
List the prime factors of 5217.
3, 37, 47
What are the prime factors of 680221?
17, 40013
List the prime factors of 375948.
2, 3, 59
What are the prime factors of 644763?
3, 7, 30703
What are the prime factors of 981752?
2, 122719
What are the prime factors of 92524?
2, 23131
What are the prime factors of 18254396?
2, 17, 15791
List the prime factors of 2435131.
17, 143243
What are the prime factors of 856778?
2, 13, 31, 1063
List the prime factors of 25582331.
17, 1504843
List the prime factors of 677749.
19, 35671
What are the prime factors of 984133?
47, 20939
List the prime factors of 1534836.
2, 3, 23, 67, 83
What are the prime factors of 19928097?
3, 7, 17, 23, 809
List the prime factors of 254713.
254713
What are the prime factors of 445216?
2, 13913
What are the prime factors of 440329?
440329
What are the prime factors of 924455?
5, 7, 61, 433
What are the prime factors of 680206?
2, 340103
List the prime factors of 542333.
11, 47, 1049
List the prime factors of 12307799.
7, 1758257
What are the prime factors of 10558289?
7, 53, 149, 191
List the prime factors of 665425.
5, 43, 619
List the prime factors of 2195586.
2, 3, 13553
What are the prime factors of 4538954?
2, 7, 324211
List the prime factors of 2932530.
2, 3, 5, 239, 409
List the prime factors of 3986853.
3, 13, 151, 677
What are the prime factors of 114219?
3, 7, 37
What are the prime factors of 661515?
3, 5, 44101
List the prime factors of 402312.
2, 3, 16763
What are the prime factors of 3684411?
3, 409379
What are the prime factors of 208031?
19, 10949
List the prime factors of 1434370.
2, 5, 7, 31, 661
List the prime factors of 14879.
14879
What are the prime factors of 2164371?
3, 11, 65587
List the prime factors of 36331751.
29, 1252819
List the prime factors of 5886430.
2, 5, 11, 59, 907
What are the prime factors of 9826217?
1019, 9643
What are the prime factors of 186256?
2, 7, 1663
List the prime factors of 577959.
3, 47, 4099
List the prime factors of 19867.
19867
List the prime factors of 552461.
7, 13, 467
What are the prime factors of 23435597?
23, 31, 32869
What are the prime factors of 6769731?
3, 29, 77813
List the prime factors of 10293373.
1039, 9907
What are the prime factors of 5326545?
3, 5, 7, 7247
What are the prime factors of 401889?
3, 133963
List the prime factors of 161820.
2, 3, 5, 29, 31
List the prime factors of 3519802.
2, 11, 13, 31, 397
What are the prime factors of 517607?
31, 59, 283
What are the prime factors of 38545?
5, 13, 593
What are the prime factors of 216507?
3, 72169
List the prime factors of 3999822.
2, 3, 666637
What are the prime factors of 169894?
2, 84947
What are the prime factors of 1329546?
2, 3, 71, 3121
What are the prime factors of 260116?
2, 65029
List the prime factors of 869016.
2, 3, 36209
What are the prime factors of 2572693?
2572693
List the prime factors of 2129472.
2, 3, 3697
List the prime factors of 1129255.
5, 71, 3181
List the prime factors of 2064220.
2, 5, 29, 3559
What are the prime factors of 543278?
2, 271639
List the prime factors of 1665333.
3, 37, 1667
List the prime factors of 3189686.
2, 23, 69341
List the prime factors of 3018753.
3, 335417
List the prime factors of 66965.
5, 59, 227
What are the prime factors of 5334632?
2, 666829
What are the prime factors of 1754748?
2, 3, 79, 617
List the prime factors of 906496.
2, 3541
What are the prime factors of 9677339?
7, 1382477
What are the prime factors of 238871?
53, 4507
What are the prime factors of 1330846?
2, 11, 60493
List the prime factors of 525688.
2, 23, 2857
List the prime factors of 186353.
331, 563
What are the prime factors of 201714?
2, 3, 33619
List the prime factors of 23412136.
2, 11, 266047
List the prime factors of 661342.
2, 11, 23, 1307
What are the prime factors of 733285?
5, 7, 41, 73
What are the prime factors of 3591855?
3, 5, 19, 4201
List the prime factors of 504394.
2, 11, 101, 227
List the prime factors of 248586.
2, 3, 13, 3187
What are the prime factors of 12132591?
3, 479, 8443
What are the prime factors of 6356025?
3, 5, 13, 41, 53
List the prime factors of 326397.
3, 108799
What are the prime factors of 2158502?
2, 1079251
What are the prime factors of 3886372?
2, 7, 138799
What are the prime factors of 784637?
7, 67, 239
List the prime factors of 20665039.
20665039
List the prime factors of 782281.
59, 13259
List the prime factors of 252227.
53, 4759
What are the prime factors of 778938?
2, 3, 197, 659
List the prime factors of 430039.
199, 2161
List the prime factors of 14480669.
7, 2068667
List the prime factors of 22635422.
2, 19, 107, 293
List the prime factors of 1140942.
2, 3, 11, 59, 293
What are the prime factors of 27217361?
27217361
What are the prime factors of 8168871?
3, 2722957
What are the prime factors of 584035?
5, 17, 6871
List the prime factors of 3175602.
2, 3, 47, 11261
What are the prime factors of 2483824?
2, 7, 67, 331
List the prime factors of 758296.
2, 7, 11, 1231
What are the prime factors of 406576?
2, 25411
List the prime factors of 1232039.
113, 10903
What are the prime factors of 4075005?
3, 5, 11, 24697
List the prime factors of 4504752.
2, 3, 7, 41, 109
What are the prime factors of 13553526?
2, 3, 7, 313, 1031
List the prime factors of 25122507.
3, 1627, 5147
List the prime factors of 252238.
2, 7, 43, 419
List the prime factors of 5404711.
13, 83, 5009
What are the prime factors of 317455?
5, 173, 367
What are the prime factors of 7693366?
2, 19, 193, 1049
What are the prime factors of 360578?
2, 180289
What are the prime factors of 11614907?
2753, 4219
List the prime factors of 1111081.
1111081
List the prime factors of 140401.
140401
List the prime factors of 1237482.
2, 3, 68749
List the prime factors of 10111406.
2, 607, 8329
What are the prime factors of 219583?
7, 13, 19, 127
What are the prime factors of 566748?
2, 3, 7, 13, 173
List the prime factors of 708000.
2, 3, 5, 59
What are the prime factors of 256474?
2, 128237
What are the prime factors of 2607293?
13, 131, 1531
What are the prime factors of 272321?
7, 38903
What are the prime factors of 3417467?
3417467
What are the prime factors of 5694405?
3, 5, 17, 137, 163
List the prime factors of 39869.
39869
List the prime factors of 13626351.
3, 1514039
List the prime factors of 385760.
2, 5, 2411
List the prime factors of 745650.
2, 3, 5, 1657
What are the prime factors of 2120306?
2, 29, 139, 263
What are the prime factors of 9361460?
2, 5, 23, 47, 433
List the prime factors of 201073.
201073
List the prime factors of 3983732.
2, 109, 9137
List the prime factors of 4813998.
2, 3, 7, 61, 1879
What are the prime factors of 161346?
2, 3, 26891
List the prime factors of 3484029.
3, 1161343
What are the prime factors of 13751656?
2, 181, 9497
What are the prime factors of 2486454?
2, 3, 17, 19, 1283
List the prime factors of 47214.
2, 3, 43, 61
List the prime factors of 269568.
2, 3, 13
What are the prime factors of 5273822?
2, 1153, 2287
What are the prime factors of 144948?
2, 3, 47, 257
List the prime factors of 9404335.
5, 19, 98993
List the prime factors of 2398137.
3, 7, 114197
List the prime factors of 4983127.
4983127
List the prime fa